composite number?
True
Is 561445 prime?
False
Is 429953 composite?
False
Is 290897 a composite number?
False
Is 2647 composite?
False
Is 8923 a prime number?
True
Is 103681 composite?
False
Is 10007 composite?
False
Is 8743 prime?
False
Is 13273 a composite number?
True
Is 45119 a composite number?
False
Is 3271 a composite number?
False
Is 80653 a prime number?
False
Is 24281 prime?
True
Is 206693 prime?
False
Is 732757 a prime number?
False
Is 225457 a prime number?
True
Is 1393 a prime number?
False
Is 387383 a prime number?
False
Is 988037 prime?
False
Is 10723 composite?
False
Is 23741 a composite number?
False
Is 26329 prime?
False
Is 2402 composite?
True
Is 163546 a composite number?
True
Is 432953 a prime number?
False
Is 114223 prime?
False
Is 25657 prime?
True
Is 2420905 a prime number?
False
Is 122519 a prime number?
False
Is 22931 a prime number?
False
Is 346 composite?
True
Is 997427 a prime number?
True
Is 301027 a prime number?
True
Is 696999 prime?
False
Is 35887 a composite number?
True
Is 1045763 composite?
False
Is 30019 a composite number?
True
Is 3793 a composite number?
False
Is 33973 prime?
False
Is 56841 composite?
True
Is 107137 a composite number?
False
Is 67439 a prime number?
False
Is 3161 a prime number?
False
Is 319 prime?
False
Is 5981 a prime number?
True
Is 1010661 a composite number?
True
Is 29917 composite?
False
Is 65451 composite?
True
Is 10979 a composite number?
False
Is 1049 composite?
False
Is 37678 a prime number?
False
Is 3239 a prime number?
False
Is 42241 a composite number?
True
Is 647 composite?
False
Is 56473 a prime number?
True
Is 36037 composite?
False
Is 566309 composite?
True
Is 3484945 a composite number?
True
Is 183269 a prime number?
False
Is 717191 composite?
False
Is 140749 a prime number?
False
Is 349231 prime?
False
Is 628347 a prime number?
False
Is 139589 prime?
True
Is 193883 prime?
True
Is 75133 prime?
True
Is 912797 a prime number?
True
Is 51257 a prime number?
True
Is 551017 a composite number?
False
Is 5227 prime?
True
Is 37063 prime?
False
Is 12143 prime?
True
Is 11545 composite?
True
Is 4039 composite?
True
Is 14257 prime?
False
Is 19193 composite?
True
Is 41161 composite?
False
Is 557663 prime?
True
Is 96743 composite?
True
Is 3377 a prime number?
False
Is 28201 prime?
True
Is 149689 prime?
True
Is 97859 a composite number?
False
Is 745817 prime?
True
Is 154439 composite?
False
Is 142297 a prime number?
True
Is 18319 prime?
False
Is 97246 a prime number?
False
Is 88207 composite?
True
Is 108673 a prime number?
False
Is 8803 a prime number?
True
Is 54613 prime?
False
Is 501889 a prime number?
True
Is 476809 a prime number?
False
Is 141793 a prime number?
True
Is 10453 a prime number?
True
Is 519641 composite?
True
Is 34171 composite?
False
Is 10723 a prime number?
True
Is 760343 composite?
False
Is 12767 prime?
False
Is 409714 prime?
False
Is 28369 a prime number?
False
Is 3809 a composite number?
True
Is 278927 composite?
True
Is 104629 a prime number?
False
Is 9599 prime?
False
Is 623383 a composite number?
False
Is 53681 a prime number?
True
Is 227723 prime?
False
Is 14902 prime?
False
Is 713795 prime?
False
Is 8654 a prime number?
False
Is 3227 composite?
True
Is 301201 a composite number?
True
Is 1121 a composite number?
True
Is 622319 a prime number?
False
Is 8803 composite?
False
Is 6245 a composite number?
True
Is 60589 prime?
True
Is 29059 prime?
True
Is 41759 prime?
True
Is 551721 composite?
True
Is 197407 a prime number?
False
Is 42923 a composite number?
False
Is 1061807 composite?
False
Is 5969 a prime number?
False
Is 319027 a composite number?
False
Is 3183 composite?
True
Is 76991 composite?
False
Is 686123 prime?
False
Is 70979 composite?
False
Is 1495061 a prime number?
False
Is 3989 prime?
True
Is 7349 prime?
True
Is 11477 a prime number?
False
Is 105119 a composite number?
True
Is 2129 composite?
False
Is 7897 composite?
True
Is 385453 composite?
True
Is 5939 a prime number?
True
Is 126683 composite?
False
Is 3719 a prime number?
True
Is 21583 a prime number?
False
Is 84957 composite?
True
Is 3131 prime?
False
Is 763291 a composite number?
True
Is 139 a composite number?
False
Is 259023 a prime number?
False
Is 4861 a composite number?
False
Is 29717 a prime number?
True
Is 1444927 prime?
False
Is 68093 composite?
True
Is 66841 a prime number?
True
Is 13417 a prime number?
True
Is 23327 a composite number?
False
Is 126073 a prime number?
False
Is 304193 a composite number?
False
Is 1049 a prime number?
True
Is 14107 composite?
False
Is 33107 a prime number?
True
Is 47563 a composite number?
False
Is 37619 a prime number?
True
Is 19001 a composite number?
False
Is 81157 a composite number?
False
Is 964031 a prime number?
False
Is 384469 prime?
True
Is 575999 prime?
False
Is 143137 composite?
False
Is 36831 a prime number?
False
Is 293439 a composite number?
True
Is 26581 composite?
True
Is 42827 composite?
True
Is 5541 composite?
True
Is 197146 prime?
False
Is 64045 a prime number?
False
Is 32993 a prime number?
True
Is 172738 a composite number?
True
Is 114901 a composite number?
False
Is 172567 prime?
False
Is 644837 prime?
True
Is 120281 a prime number?
False
Is 62 a prime number?
False
Is 23602 a prime number?
False
Is 2911 a composite number?
True
Is 3045503 a prime number?
True
Is 2606 a prime number?
False
Is 96829 a composite number?
True
Is 393037 a prime number?
False
Is 11582 prime?
False
Is 112397 composite?
False
Is 545057 prime?
True
Is 125863 composite?
False
Is 189559 prime?
True
Is 30922 a composite number?
True
Is 23687 a composite number?
False
Is 98671 a prime number?
False
Is 1759 a composite number?
False
Is 35311 a prime number?
True
Is 24887 composite?
True
Is 575119 a composite number?
False
Is 12811 a composite number?
True
Is 64177 a prime number?
False
Is 248483 composite?
False
Is 105614 a prime number?
False
Is 1637 prime?
True
Is 443189 prime?
True
Is 421691 prime?
True
Is 64439 prime?
True
Is 246823 composite?
True
Is 2453851 prime?
False
Is 69583 composite?
True
Is 6013583 composite?
False
Is 147097 prime?
True
Is 279691 a prime number?
False
Is 1191 prime?
False
Is 2761 a composite number?
True
Is 36137 prime?
True
Is 63821 a prime number?
False
Is 3678569 composite?
True
Is 251 a prime number?
True
Is 1327 prime?
True
Is 1284501 a composite number?
True
Is 1535973 composite?
True
Is 2754849 a composite number?
True
Is 218129 a composite number?
True
Is 3205 prime?
False
Is 3653 a prime number?
False
Is 761051 composite?
False
Is 619341 composite?
True
Is 10477 a composite number?
False
Is 7206905 a composite number?
True
Is 4971 prime?
False
Is 272695 prime?
False
Is 405763 prime?
True
Is 252781 a composite number?
True
Is 2701 composite?
True
Is 303529 composite?
False
Is 23185 prime?
False
Is 684169 composite?
True
Is 3953 a prime number?
False
Is 84055 composite?
True
Is 427 prime?
False
Is 110963 prime?
False
Is 247897 prime?
False
Is 285301 a prime number?
True
Is 2483 composite?
True
Is 23123 prime?
False
Is 1657 prime?
True
Is 446417 composite?
False
Is 14971 a prime number?
False
Is 102359 prime?
True
Is 27127 composite?
False
Is 54049 prime?
True
Is 74771 composite?
False
Is 1328387 composite?
False
Is 1657 prime?
True
Is 61751 prime?
True
Is 4889 prime?
True
Is 244537 prime?
False
Is 79009 a composite number?
True
Is 462013 composite?
False
Is 2481277 prime?
True
Is 45029 a composite number?
True
Is 3709 prime?
True
Is 180415 composite?
True
Is 1637863 a prime number?
True
Is 67003 a composite number?
False
Is 138157 composite?
False
Is 20819 a prime number?
False
Is 2151719 a prime number?
False
Is 94307 a composite number?
False
Is 176863 a composite number?
True
Is 607583 a composite number?
False
Is 33377 prime?
True
Is 152015 a composite number?
True
Is 804493 a prime number?
True
Is 320141 prime?
True
Is 11002 a composite number?
True
Is 200321 prime?
False
Is 209822 a composite number?
True
Is 731681 a prime number?
True
Is 14843 composite?
False
Is 4201 a prime number?
True
Is 24394 a composite number?
True
Is 29269 composite?
False
Is 104399 a composite number?
False
Is 95653 a prime number?
False
Is 31219 composite?
False
Is 463679 a prime number?
True
Is 7045 a composite number?
True
Is 81523 comp